{"id":603,"date":"2021-10-05T19:16:52","date_gmt":"2021-10-05T17:16:52","guid":{"rendered":"https:\/\/blog.sns204.fr\/?page_id=603"},"modified":"2023-08-14T16:20:24","modified_gmt":"2023-08-14T14:20:24","slug":"lequipage","status":"publish","type":"page","link":"https:\/\/blog.sns204.fr\/?page_id=603","title":{"rendered":"L&rsquo;\u00e9quipage"},"content":{"rendered":"\n<p>En ao\u00fbt 2023, nous sommes 20 \u00e9quipiers embarqu\u00e9s. 4 n\u00e9os-canotiers sont en formation.<\/p>\n\n\n\n<figure class=\"wp-block-table is-style-regular\"><table><tbody><tr><td>\u00c9QUIPIER<\/td><td class=\"has-text-align-center\" data-align=\"center\">R\u00d4LE<\/td><td class=\"has-text-align-center\" data-align=\"center\">SP\u00c9CIALIT\u00c9<\/td><td class=\"has-text-align-left\" data-align=\"left\">\u00c9QUIPIER<\/td><td class=\"has-text-align-center\" data-align=\"center\">R\u00d4LE<\/td><td class=\"has-text-align-center\" data-align=\"center\">SP\u00c9CIALIT\u00c9<\/td><\/tr><tr><td>Manu<\/td><td class=\"has-text-align-center\" data-align=\"center\"><img loading=\"lazy\" width=\"100\" height=\"130\" class=\"wp-image-719\" style=\"width: 100px;\" src=\"https:\/\/blog.sns204.fr\/wp-content\/uploads\/2022\/04\/equipe_patron.jpg\" alt=\"\"><\/td><td class=\"has-text-align-center\" data-align=\"center\"><img src=\"https:\/\/blog.sns204.fr\/wp-content\/uploads\/2022\/04\/equipe_nageur.jpg\" alt=\"\"><\/td><td class=\"has-text-align-left\" data-align=\"left\">Bruno C.<\/td><td class=\"has-text-align-center\" data-align=\"center\"><img src=\"https:\/\/blog.sns204.fr\/wp-content\/uploads\/2022\/04\/equipe_canotier.jpg\" alt=\"\"><\/td><td class=\"has-text-align-center\" data-align=\"center\"><img src=\"https:\/\/blog.sns204.fr\/wp-content\/uploads\/2022\/04\/equipe_nageur.jpg\" alt=\"\"><\/td><\/tr><tr><td>Andr\u00e9<\/td><td class=\"has-text-align-center\" data-align=\"center\"><img loading=\"lazy\" width=\"100\" height=\"130\" class=\"wp-image-723\" style=\"width: 100px;\" src=\"https:\/\/blog.sns204.fr\/wp-content\/uploads\/2022\/04\/equipe_patron_suppleant.jpg\" alt=\"\"><\/td><td class=\"has-text-align-center\" data-align=\"center\"><img src=\"https:\/\/blog.sns204.fr\/wp-content\/uploads\/2022\/04\/equipe_nageur.jpg\" alt=\"\"><\/td><td class=\"has-text-align-left\" data-align=\"left\">Christophe<\/td><td class=\"has-text-align-center\" data-align=\"center\"><img src=\"https:\/\/blog.sns204.fr\/wp-content\/uploads\/2022\/04\/equipe_canotier.jpg\" alt=\"\"><\/td><td class=\"has-text-align-center\" data-align=\"center\"><img src=\"https:\/\/blog.sns204.fr\/wp-content\/uploads\/2022\/04\/equipe_nageur.jpg\" alt=\"\"><\/td><\/tr><tr><td>Delphine<\/td><td class=\"has-text-align-center\" data-align=\"center\"><img src=\"https:\/\/blog.sns204.fr\/wp-content\/uploads\/2022\/04\/equipe_patron_suppleant.jpg\" alt=\"\"><\/td><td class=\"has-text-align-center\" data-align=\"center\"><\/td><td class=\"has-text-align-left\" data-align=\"left\">\u00c9ric R.<\/td><td class=\"has-text-align-center\" data-align=\"center\"><img src=\"https:\/\/blog.sns204.fr\/wp-content\/uploads\/2022\/04\/equipe_canotier.jpg\" alt=\"\"><\/td><td class=\"has-text-align-center\" data-align=\"center\"><img src=\"https:\/\/blog.sns204.fr\/wp-content\/uploads\/2022\/04\/equipe_nageur.jpg\" alt=\"\"><\/td><\/tr><tr><td>\u00c9ric G.<\/td><td class=\"has-text-align-center\" data-align=\"center\"><img loading=\"lazy\" width=\"100\" height=\"130\" class=\"wp-image-723\" style=\"width: 100px;\" src=\"https:\/\/blog.sns204.fr\/wp-content\/uploads\/2022\/04\/equipe_patron_suppleant.jpg\" alt=\"\"><\/td><td class=\"has-text-align-center\" data-align=\"center\"><\/td><td class=\"has-text-align-left\" data-align=\"left\">J\u00e9rome<\/td><td class=\"has-text-align-center\" data-align=\"center\"><img src=\"https:\/\/blog.sns204.fr\/wp-content\/uploads\/2022\/04\/equipe_canotier.jpg\" alt=\"\"><\/td><td class=\"has-text-align-center\" data-align=\"center\"><img loading=\"lazy\" width=\"100\" height=\"130\" class=\"wp-image-722\" style=\"width: 100px;\" src=\"https:\/\/blog.sns204.fr\/wp-content\/uploads\/2022\/04\/equipe_nageur.jpg\" alt=\"\"><\/td><\/tr><tr><td>Fran\u00e7ois<\/td><td class=\"has-text-align-center\" data-align=\"center\"><img src=\"https:\/\/blog.sns204.fr\/wp-content\/uploads\/2022\/04\/equipe_patron_suppleant.jpg\" alt=\"\"><\/td><td class=\"has-text-align-center\" data-align=\"center\"><\/td><td class=\"has-text-align-left\" data-align=\"left\">Laurent T.<\/td><td class=\"has-text-align-center\" data-align=\"center\"><img src=\"https:\/\/blog.sns204.fr\/wp-content\/uploads\/2022\/04\/equipe_canotier.jpg\" alt=\"\"><\/td><td class=\"has-text-align-center\" data-align=\"center\"><img src=\"https:\/\/blog.sns204.fr\/wp-content\/uploads\/2022\/04\/equipe_nageur.jpg\" alt=\"\"><\/td><\/tr><tr><td>Julien<\/td><td class=\"has-text-align-center\" data-align=\"center\"><img src=\"https:\/\/blog.sns204.fr\/wp-content\/uploads\/2022\/04\/equipe_patron_suppleant.jpg\" alt=\"\"><\/td><td class=\"has-text-align-center\" data-align=\"center\"><\/td><td class=\"has-text-align-left\" data-align=\"left\">Lionel<\/td><td class=\"has-text-align-center\" data-align=\"center\"><img src=\"https:\/\/blog.sns204.fr\/wp-content\/uploads\/2022\/04\/equipe_canotier.jpg\" alt=\"\"><\/td><td class=\"has-text-align-center\" data-align=\"center\"><img src=\"https:\/\/blog.sns204.fr\/wp-content\/uploads\/2022\/04\/equipe_nageur.jpg\" alt=\"\"><\/td><\/tr><tr><td>Laurent E.<\/td><td class=\"has-text-align-center\" data-align=\"center\"><img src=\"https:\/\/blog.sns204.fr\/wp-content\/uploads\/2022\/04\/equipe_patron_suppleant.jpg\" alt=\"\"><\/td><td class=\"has-text-align-center\" data-align=\"center\"><\/td><td class=\"has-text-align-left\" data-align=\"left\">Ga\u00ebl<\/td><td class=\"has-text-align-center\" data-align=\"center\"><img src=\"https:\/\/blog.sns204.fr\/wp-content\/uploads\/2022\/04\/equipe_canotier.jpg\" alt=\"\"><\/td><td class=\"has-text-align-center\" data-align=\"center\"><\/td><\/tr><tr><td>Luc<\/td><td class=\"has-text-align-center\" data-align=\"center\"><img src=\"https:\/\/blog.sns204.fr\/wp-content\/uploads\/2022\/04\/equipe_patron_suppleant.jpg\" alt=\"\"><\/td><td class=\"has-text-align-center\" data-align=\"center\"><\/td><td class=\"has-text-align-left\" data-align=\"left\">J\u00e9r\u00e9my<\/td><td class=\"has-text-align-center\" data-align=\"center\"><img src=\"https:\/\/blog.sns204.fr\/wp-content\/uploads\/2022\/04\/equipe_canotier.jpg\" alt=\"\"><\/td><td class=\"has-text-align-center\" data-align=\"center\"><\/td><\/tr><tr><td><\/td><td class=\"has-text-align-center\" data-align=\"center\"><\/td><td class=\"has-text-align-center\" data-align=\"center\"><\/td><td class=\"has-text-align-left\" data-align=\"left\">Sonia<\/td><td class=\"has-text-align-center\" data-align=\"center\"><img src=\"https:\/\/blog.sns204.fr\/wp-content\/uploads\/2022\/04\/equipe_canotiere.jpg\" alt=\"\"><\/td><td class=\"has-text-align-center\" data-align=\"center\"><\/td><\/tr><tr><td><\/td><td class=\"has-text-align-center\" data-align=\"center\"><\/td><td class=\"has-text-align-center\" data-align=\"center\"><\/td><td class=\"has-text-align-left\" data-align=\"left\">Thierry<\/td><td class=\"has-text-align-center\" data-align=\"center\"><img src=\"https:\/\/blog.sns204.fr\/wp-content\/uploads\/2022\/04\/equipe_canotier.jpg\" alt=\"\"><\/td><td class=\"has-text-align-center\" data-align=\"center\"><\/td><\/tr><tr><td><\/td><td class=\"has-text-align-center\" data-align=\"center\"><\/td><td class=\"has-text-align-center\" data-align=\"center\"><\/td><td class=\"has-text-align-left\" data-align=\"left\">Xavier<\/td><td class=\"has-text-align-center\" data-align=\"center\"><img src=\"https:\/\/blog.sns204.fr\/wp-content\/uploads\/2022\/04\/equipe_canotier.jpg\" alt=\"\"><\/td><td class=\"has-text-align-center\" data-align=\"center\"><\/td><\/tr><tr><td><\/td><td class=\"has-text-align-center\" data-align=\"center\"><\/td><td class=\"has-text-align-center\" data-align=\"center\"><\/td><td class=\"has-text-align-left\" data-align=\"left\">Yann<\/td><td class=\"has-text-align-center\" data-align=\"center\"><img src=\"https:\/\/blog.sns204.fr\/wp-content\/uploads\/2022\/04\/equipe_canotier.jpg\" alt=\"\"><\/td><td class=\"has-text-align-center\" data-align=\"center\"><\/td><\/tr><tr><td><\/td><td class=\"has-text-align-center\" data-align=\"center\"><\/td><td class=\"has-text-align-center\" data-align=\"center\"><\/td><td class=\"has-text-align-left\" data-align=\"left\">Alexandre<\/td><td class=\"has-text-align-center\" data-align=\"center\"><img src=\"https:\/\/blog.sns204.fr\/wp-content\/uploads\/2022\/04\/equipe_canotier.jpg\" alt=\"\"><\/td><td class=\"has-text-align-center\" data-align=\"center\">N\u00e9o-canotier<br>en formation<\/td><\/tr><tr><td><\/td><td class=\"has-text-align-center\" data-align=\"center\"><\/td><td class=\"has-text-align-center\" data-align=\"center\"><\/td><td class=\"has-text-align-left\" data-align=\"left\">Florant<\/td><td class=\"has-text-align-center\" data-align=\"center\"><img src=\"https:\/\/blog.sns204.fr\/wp-content\/uploads\/2022\/04\/equipe_canotier.jpg\" alt=\"\"><\/td><td class=\"has-text-align-center\" data-align=\"center\">N\u00e9o-canotier<br>en formation<\/td><\/tr><tr><td><\/td><td class=\"has-text-align-center\" data-align=\"center\"><\/td><td class=\"has-text-align-center\" data-align=\"center\"><\/td><td class=\"has-text-align-left\" data-align=\"left\">Jonathan<\/td><td class=\"has-text-align-center\" data-align=\"center\"><img src=\"https:\/\/blog.sns204.fr\/wp-content\/uploads\/2022\/04\/equipe_canotier.jpg\" alt=\"\"><\/td><td class=\"has-text-align-center\" data-align=\"center\">N\u00e9o-canotier<br>en formation<\/td><\/tr><tr><td><\/td><td class=\"has-text-align-center\" data-align=\"center\"><\/td><td class=\"has-text-align-center\" data-align=\"center\"><\/td><td class=\"has-text-align-left\" data-align=\"left\">Sylvain<\/td><td class=\"has-text-align-center\" data-align=\"center\"><img src=\"https:\/\/blog.sns204.fr\/wp-content\/uploads\/2022\/04\/equipe_canotier.jpg\" alt=\"\"><\/td><td class=\"has-text-align-center\" data-align=\"center\">N\u00e9o-canotier<br>en formation<\/td><\/tr><tr><td><\/td><td class=\"has-text-align-center\" data-align=\"center\"><\/td><td class=\"has-text-align-center\" data-align=\"center\"><\/td><td class=\"has-text-align-left\" data-align=\"left\"><\/td><td class=\"has-text-align-center\" data-align=\"center\"><\/td><td class=\"has-text-align-center\" data-align=\"center\"><\/td><\/tr><tr><td><\/td><td class=\"has-text-align-center\" data-align=\"center\"><\/td><td class=\"has-text-align-center\" data-align=\"center\"><\/td><td class=\"has-text-align-left\" data-align=\"left\"><\/td><td class=\"has-text-align-center\" data-align=\"center\"><\/td><td class=\"has-text-align-center\" data-align=\"center\"><\/td><\/tr><\/tbody><\/table><\/figure>\n","protected":false},"excerpt":{"rendered":"<p>En ao\u00fbt 2023, nous sommes 20 \u00e9quipiers embarqu\u00e9s. 4 n\u00e9os-canotiers sont en formation. \u00c9QUIPIER R\u00d4LE SP\u00c9CIALIT\u00c9 \u00c9QUIPIER R\u00d4LE SP\u00c9CIALIT\u00c9 Manu Bruno C. Andr\u00e9 Christophe Delphine \u00c9ric R. \u00c9ric G. J\u00e9rome Fran\u00e7ois Laurent T. Julien Lionel Laurent E. Ga\u00ebl Luc J\u00e9r\u00e9my Sonia Thierry Xavier Yann Alexandre N\u00e9o-canotieren formation Florant N\u00e9o-canotieren formation Jonathan N\u00e9o-canotieren formation Sylvain N\u00e9o-canotieren&#8230;<\/p>\n<p class=\"more-link-wrap\"><a href=\"https:\/\/blog.sns204.fr\/?page_id=603\" class=\"more-link\">Lire la suite<span class=\"screen-reader-text\"> &ldquo;L&rsquo;\u00e9quipage&rdquo;<\/span> &raquo;<\/a><\/p>\n","protected":false},"author":2,"featured_media":0,"parent":109,"menu_order":0,"comment_status":"closed","ping_status":"closed","template":"page-templates\/sidebar.php","meta":[],"_links":{"self":[{"href":"https:\/\/blog.sns204.fr\/index.php?rest_route=\/wp\/v2\/pages\/603"}],"collection":[{"href":"https:\/\/blog.sns204.fr\/index.php?rest_route=\/wp\/v2\/pages"}],"about":[{"href":"https:\/\/blog.sns204.fr\/index.php?rest_route=\/wp\/v2\/types\/page"}],"author":[{"embeddable":true,"href":"https:\/\/blog.sns204.fr\/index.php?rest_route=\/wp\/v2\/users\/2"}],"replies":[{"embeddable":true,"href":"https:\/\/blog.sns204.fr\/index.php?rest_route=%2Fwp%2Fv2%2Fcomments&post=603"}],"version-history":[{"count":6,"href":"https:\/\/blog.sns204.fr\/index.php?rest_route=\/wp\/v2\/pages\/603\/revisions"}],"predecessor-version":[{"id":1081,"href":"https:\/\/blog.sns204.fr\/index.php?rest_route=\/wp\/v2\/pages\/603\/revisions\/1081"}],"up":[{"embeddable":true,"href":"https:\/\/blog.sns204.fr\/index.php?rest_route=\/wp\/v2\/pages\/109"}],"wp:attachment":[{"href":"https:\/\/blog.sns204.fr\/index.php?rest_route=%2Fwp%2Fv2%2Fmedia&parent=603"}],"curies":[{"name":"wp","href":"https:\/\/api.w.org\/{rel}","templated":true}]}}