{"id":584,"date":"2021-10-04T21:21:53","date_gmt":"2021-10-04T19:21:53","guid":{"rendered":"https:\/\/blog.sns204.fr\/?page_id=584"},"modified":"2021-10-04T21:43:11","modified_gmt":"2021-10-04T19:43:11","slug":"la-vedette-sns-204","status":"publish","type":"page","link":"https:\/\/blog.sns204.fr\/?page_id=584","title":{"rendered":"La vedette SNS 204"},"content":{"rendered":"\n<p>C\u2019est sur une barque en bois que les premiers b\u00e9n\u00e9voles de la station de Canet-en-roussillon ont r\u00e9alis\u00e9 leurs premi\u00e8res actions de sauvetage !<\/p>\n\n\n\n<p>Par la suite, ce fut un semi-rigide avec un moteur de 90cv\u2026 et enfin, l\u2019arriv\u00e9e de la premi\u00e8re vedette : \u00ab La Can\u00e9toise \u00bb qui fut b\u00e9nie en mer le 6 juin 1979.<br>En 1989 \u00ab La Can\u00e9toise II \u00bb arrive \u00e0 Canet et sera remplac\u00e9e 22 ans plus tard.<\/p>\n\n\n\n<p>En 2011 nous baptisons notre nouvelle vedette : \u00ab La Can\u00e9toise III \u00bb est la SNS 204 !<\/p>\n\n\n\n<div class=\"wp-block-image\"><figure class=\"alignleft size-large\"><img loading=\"lazy\" width=\"400\" height=\"629\" src=\"https:\/\/blog.sns204.fr\/wp-content\/uploads\/2021\/10\/vedette.jpg\" alt=\"\" class=\"wp-image-585\" srcset=\"https:\/\/blog.sns204.fr\/wp-content\/uploads\/2021\/10\/vedette.jpg 400w, https:\/\/blog.sns204.fr\/wp-content\/uploads\/2021\/10\/vedette-191x300.jpg 191w\" sizes=\"(max-width: 400px) 100vw, 400px\" \/><figcaption>(Photo : Richard)<\/figcaption><\/figure><\/div>\n\n\n\n<p><\/p>\n\n\n\n<p><strong>Ses caract\u00e9ristiques<\/strong> :<\/p>\n\n\n\n<ul><li>Longueur : 11,95 m<\/li><li>Tirant d&rsquo;eau : 1,20 m<\/li><li>Propulsion : 2 moteurs diesel 6 cylindres soit 2x410cv<\/li><li>Vitesse maxi \u00e0 pleine charge : 25 noeuds<\/li><li>Insubmersible<\/li><li>\u00c9quipage : 4 personnes<\/li><li>Autonomie : 10h \u00e0 1800 tr\/mn ou 195 milles<\/li><\/ul>\n","protected":false},"excerpt":{"rendered":"<p>C\u2019est sur une barque en bois que les premiers b\u00e9n\u00e9voles de la station de Canet-en-roussillon ont r\u00e9alis\u00e9 leurs premi\u00e8res actions de sauvetage ! Par la suite, ce fut un semi-rigide avec un moteur de 90cv\u2026 et enfin, l\u2019arriv\u00e9e de la premi\u00e8re vedette : \u00ab La Can\u00e9toise \u00bb qui fut b\u00e9nie en mer le 6 juin&#8230;<\/p>\n<p class=\"more-link-wrap\"><a href=\"https:\/\/blog.sns204.fr\/?page_id=584\" class=\"more-link\">Lire la suite<span class=\"screen-reader-text\"> &ldquo;La vedette SNS 204&rdquo;<\/span> &raquo;<\/a><\/p>\n","protected":false},"author":2,"featured_media":0,"parent":109,"menu_order":0,"comment_status":"closed","ping_status":"closed","template":"page-templates\/sidebar.php","meta":[],"_links":{"self":[{"href":"https:\/\/blog.sns204.fr\/index.php?rest_route=\/wp\/v2\/pages\/584"}],"collection":[{"href":"https:\/\/blog.sns204.fr\/index.php?rest_route=\/wp\/v2\/pages"}],"about":[{"href":"https:\/\/blog.sns204.fr\/index.php?rest_route=\/wp\/v2\/types\/page"}],"author":[{"embeddable":true,"href":"https:\/\/blog.sns204.fr\/index.php?rest_route=\/wp\/v2\/users\/2"}],"replies":[{"embeddable":true,"href":"https:\/\/blog.sns204.fr\/index.php?rest_route=%2Fwp%2Fv2%2Fcomments&post=584"}],"version-history":[{"count":4,"href":"https:\/\/blog.sns204.fr\/index.php?rest_route=\/wp\/v2\/pages\/584\/revisions"}],"predecessor-version":[{"id":591,"href":"https:\/\/blog.sns204.fr\/index.php?rest_route=\/wp\/v2\/pages\/584\/revisions\/591"}],"up":[{"embeddable":true,"href":"https:\/\/blog.sns204.fr\/index.php?rest_route=\/wp\/v2\/pages\/109"}],"wp:attachment":[{"href":"https:\/\/blog.sns204.fr\/index.php?rest_route=%2Fwp%2Fv2%2Fmedia&parent=584"}],"curies":[{"name":"wp","href":"https:\/\/api.w.org\/{rel}","templated":true}]}}